What is the remainder when 549133 is divided by 45?
43
Calculate the remainder when 9367 is divided by 1372.
1135
What is the remainder when 6218371 is divided by 514?
513
Calculate the remainder when 28690 is divided by 126.
88
What is the remainder when 6022 is divided by 402?
394
Calculate the remainder when 1139 is divided by 290.
269
What is the remainder when 115602 is divided by 193?
188
Calculate the remainder when 72131 is divided by 79.
4
Calculate the remainder when 88677 is divided by 1642.
9
Calculate the remainder when 1343755 is divided by 660.
655
What is the remainder when 1507 is divided by 197?
128
What is the remainder when 114311 is divided by 2116?
47
What is the remainder when 512482 is divided by 6?
4
Calculate the remainder when 24613 is divided by 616.
589
What is the remainder when 2153 is divided by 524?
57
What is the remainder when 2460817 is divided by 17?
16
What is the remainder when 108741 is divided by 36230?
51
What is the remainder when 21328 is divided by 270?
268
What is the remainder when 25597 is divided by 92?
21
Calculate the remainder when 1876 is divided by 190.
166
Calculate the remainder when 11351 is divided by 68.
63
Calculate the remainder when 150054 is divided by 888.
870
Calculate the remainder when 9674 is divided by 744.
2
Calculate the remainder when 1584456 is divided by 461.
460
What is the remainder when 2177 is divided by 98?
21
What is the remainder when 3937246 is divided by 144?
142
Calculate the remainder when 78391 is divided by 183.
67
Calculate the remainder when 269628 is divided by 38517.
9
Calculate the remainder when 85243 is divided by 6075.
193
What is the remainder when 62253 is divided by 12?
9
Calculate the remainder when 1070025 is divided by 4263.
12
What is the remainder when 6814 is divided by 513?
145
What is the remainder when 17557 is divided by 133?
1
Calculate the remainder when 43920 is divided by 523.
511
What is the remainder when 167231 is divided by 201?
200
What is the remainder when 5106 is divided by 121?
24
Calculate the remainder when 29383 is divided by 48.
7
What is the remainder when 8076 is divided by 1999?
80
What is the remainder when 1127 is divided by 10?
7
Calculate the remainder when 1515666 is divided by 266.
264
Calculate the remainder when 91828 is divided by 74.
68
What is the remainder when 70902 is divided by 23629?
15
What is the remainder when 16586 is divided by 286?
284
Calculate the remainder when 19459 is divided by 3887.
24
Calculate the remainder when 6601 is divided by 6586.
15
What is the remainder when 11371 is divided by 81?
31
Calculate the remainder when 203 is divided by 151.
52
What is the remainder when 3123 is divided by 3097?
26
What is the remainder when 6331 is divided by 3144?
43
What is the remainder when 40722 is divided by 211?
210
What is the remainder when 1721 is divided by 512?
185
What is the remainder when 482934 is divided by 34?
32
Calculate the remainder when 8647 is divided by 441.
268
What is the remainder when 37698 is divided by 14?
10
Calculate the remainder when 16782 is divided by 107.
90
Calculate the remainder when 34085 is divided by 631.
11
Calculate the remainder when 197238 is divided by 65746.
0
Calculate the remainder when 4467 is divided by 4466.
1
What is the remainder when 9065 is divided by 1751?
310
What is the remainder when 413854 is divided by 32?
30
Calculate the remainder when 914488 is divided by 394.
14
What is the remainder when 2155 is divided by 62?
47
What is the remainder when 7172 is divided by 410?
202
Calculate the remainder when 5036 is divided by 210.
206
What is the remainder when 1780065 is divided by 12?
9
What is the remainder when 13058 is divided by 13058?
0
Calculate the remainder when 400159 is divided by 133378.
25
Calculate the remainder when 101382 is divided by 180.
42
Calculate the remainder when 12662 is divided by 634.
616
What is the remainder when 13541 is divided by 315?
311
What is the remainder when 63545 is divided by 96?
89
What is the remainder when 80974 is divided by 40465?
44
What is the remainder when 9930 is divided by 218?
120
What is the remainder when 62476 is divided by 254?
246
What is the remainder when 4262844 is divided by 86?
82
What is the remainder when 36057 is divided by 18027?
3
Calculate the remainder when 1356093 is divided by 64.
61
Calculate the remainder when 1848 is divided by 874.
100
What is the remainder when 54144 is divided by 245?
244
Calculate the remainder when 1781 is divided by 105.
101
Calculate the remainder when 16734 is divided by 10.
4
Calculate the remainder when 88979 is divided by 1219.
1211
Calculate the remainder when 30805 is divided by 23.
8
Calculate the remainder when 12973 is divided by 501.
448
What is the remainder when 7420 is divided by 75?
70
Calculate the remainder when 13035 is divided by 290.
275
Calculate the remainder when 48679 is divided by 21.
1
What is the remainder when 14461 is divided by 2389?
127
What is the remainder when 27693 is divided by 27614?
79
Calculate the remainder when 540 is divided by 429.
111
Calculate the remainder when 2535 is divided by 312.
39
Calculate the remainder when 323 is divided by 30.
23
What is the remainder when 5713 is divided by 243?
124
What is the remainder when 58275 is divided by 19424?
3
What is the remainder when 201472 is divided by 836?
832
What is the remainder when 32007 is divided by 15853?
301
What is the remainder when 1764691 is divided by 212?
3
What is the remainder when 107686 is divided by 110?
106
What is the remainder when 134523 is divided by 6?
3
Calculate the remainder when 372845 is divided by 80.
45
What is the remainder when 40862 is divided by 2031?
242
Calculate the remainder when 103662 is divided by 304.
302
What is the remainder when 9169 is divided by 3054?
7
Calculate the remainder when 7433 is divided by 62.
55
What is the remainder when 17898 is divided by 4470?
18
Calculate the remainder when 410058 is divided by 7.
5
Calculate the remainder when 182623 is divided by 27.
22
What is the remainder when 14946 is divided by 3736?
2
Calculate the remainder when 55195 is divided by 23.
18
Calculate the remainder when 6303 is divided by 76.
71
What is the remainder when 14047 is divided by 117?
7
Calculate the remainder when 2828 is divided by 893.
149
What is the remainder when 849 is divided by 412?
25
Calculate the remainder when 34590 is divided by 2466.
66
Calculate the remainder when 28541 is divided by 35.
16
What is the remainder when 1972 is divided by 86?
80
What is the remainder when 14548 is divided by 1584?
292
Calculate the remainder when 3652 is divided by 60.
52
Calculate the remainder when 440365 is divided by 11.
2
What is the remainder when 1339 is divided by 125?
89
Calculate the remainder when 16804 is divided by 8399.
6
Calculate the remainder when 2703 is divided by 1392.
1311
What is the remainder when 4714 is divided by 3885?
829
What is the remainder when 8473221 is divided by 1177?
1175
Calculate the remainder when 151074 is divided by 844.
842
Calculate the remainder when 522 is divided by 126.
18
What is the remainder when 84658 is divided by 21158?
26
Calculate the remainder when 3182 is divided by 629.
37
What is the remainder when 81888 is divided by 16377?
3
What is the remainder when 1888 is divided by 26?
16
Calculate the remainder when 91119 is divided by 31.
10
What is the remainder when 138409 is divided by 1922?
25
Calculate the remainder when 42680 is divided by 162.
74
Calculate the remainder when 85883 is divided by 39.
5
Calculate the remainder when 21712 is divided by 94.
92
Calculate the remainder when 22812 is divided by 101.
87
Calculate the remainder when 361722 is divided by 91.
88
Calculate the remainder when 1866614 is divided by 19.
16
What is the remainder when 3890 is divided by 350?
40
Calculate the remainder when 2524 is divided by 2518.
6
What is the remainder when 9910 is divided by 1980?
10
What is the remainder when 232058 is divided by 751?
750
Calculate the remainder when 2802 is divided by 1394.
14
What is the remainder when 200994 is divided by 1763?
12
Calculate the remainder when 25431 is divided by 61.
55
What is the remainder when 89954 is divi